 t.
2, 2129
Let f = 1100 + -771. Let b = f - 133. What are the prime factors of b?
2, 7
Let q be ((-8)/10)/(10/(-25)). Let t be q*(0 + -1)*-43. Suppose -j + t = 3*h, 4*j = 3*j - 1. List the prime factors of h.
29
Let i be (115 + -7)/((-2)/(-7)). Suppose 13*k - i = 6*k. What are the prime factors of k?
2, 3
Suppose 24582 + 8160 = 18*o. List the prime factors of o.
17, 107
Let y(q) = -61*q - 15. What are the prime factors of y(-2)?
107
Suppose -117 = 2*m + 11*m. Let y = 42 + m. List the prime factors of y.
3, 11
Let g(p) = -1177*p**3 + 4*p**2 + 9*p + 6. List the prime factors of g(-1).
2, 19, 31
Suppose 3*r + 7*v + 73 = 3*v, 4*v + 16 = 0. Let n = r - -52. What are the prime factors of n?
3, 11
Let a(o) = 71*o - 379. List the prime factors of a(6).
47
Suppose 8*g = 6*g + 8. Let f = 17 - 9. Suppose j = g*n - f, -n + 25 = 2*n + 4*j. What are the prime factors of n?
3
Let l(x) = -x**2 + 7*x + 18. Let u be l(9). Suppose q + s - 58 = u, 5*q - 286 = -0*s - 3*s. What are the prime factors of q?
2, 7
Suppose 13256 = 5*w - 2*i, 5*i - 513 = w - 3155. What are the prime factors of w?
2, 3, 13, 17
Suppose 5*m - 3*m = 48. Suppose 3*j + m - 120 = 0. List the prime factors of j.
2
Let w be 2 + (4 + -1 - -3). Let j = 29 + w. List the prime factors of j.
37
Let g(y) = -y**2 + 9*y - 17. Let b be g(8). What are the prime factors of (561/b)/(5/(-15))?
11, 17
Let g be 35/(-7)*(-4)/10. Suppose 0 = 4*p, 2*p - 2 - 6 = -g*i. Suppose -5*q + i*q = -20. List the prime factors of q.
2, 5
Let w = 942 - 290. List the prime factors of w.
2, 163
What are the prime factors of ((20 - 8)/(-12))/(1/(-677))?
677
Let h = -2893 + 4731. What are the prime factors of h?
2, 919
Suppose -49 + 69 = 4*j. Suppose -j*i + 1050 = -4*u, 3*i + 2*i + 5*u = 1005. What are the prime factors of i?
2, 103
Let a = 81 - 48. Let t(s) = -10*s - 1. Let u be t(-1). Let l = a - u. What are the prime factors of l?
2, 3
Suppose 2*j = -2*t + 2 + 6, 10 = 3*j + t. Let c be (-1)/j*(3 - 3). Suppose c*g + 5*g + l = 274, -115 = -2*g + 5*l. List the prime factors of g.
5, 11
Suppose 0 = -17*s + 28*s - 935. What are the prime factors of s?
5, 17
Let o = 799 + -428. List the prime factors of o.
7, 53
Let c(r) = 120*r**2 - 212*r + 1. List the prime factors of c(5).
3, 647
Let j(z) = -z**2 + 25*z - 22. Let m be j(16). Suppose -c + 3*c - m = 0. Suppose 4*l - 12 = 0, -3*x - 2*x + 3*l = -c. List the prime factors of x.
2, 7
Let s = -1959 - -3286. List the prime factors of s.
1327
Let y be (3/9)/(2/(-54)). List the prime factors of (-66)/y + 5/(-15).
7
Let j(s) = 2*s**2 - 44*s + 63. List the prime factors of j(-26).
3, 853
Let k be (992/6)/((-38)/(-57)). Let l = 41 + k. List the prime factors of l.
17
Suppose 5*t - 127 = -2*b, -90 - 42 = -2*b - 4*t. Suppose -3*z + 3*j + b = 4*j, 2*z - 4*j = 46. List the prime factors of z.
5
Let t be 12/5 - (-12)/(-30). Suppose 0 = -t*k - 4*y + 424, 0*k - 4*y + 640 = 3*k. What are the prime factors of k?
2, 3
Let l(b) = 8*b - 2. Let m(u) = 15*u - 5. Let v(g) = -5*l(g) + 2*m(g). Let x be v(-2). Let a = -14 + x. List the prime factors of a.
2, 3
Let r = 1019 - 410. List the prime factors of r.
3, 7, 29
Suppose 3*v = -3, 0 = q - 5*q + 3*v + 143. Let z be 4/(-16) - (-50)/8. Suppose n - z*n = -q. List the prime factors of n.
7
Let v(r) = r + 4. Let n be v(-2). Suppose n*b + 3*b + 5*t - 300 = 0, -t = -5*b + 282. What are the prime factors of b?
3, 19
Let b(j) = 24*j**2 - 3*j + 3. Suppose 5*h = 6*h - 2. List the prime factors of b(h).
3, 31
Suppose -5*r + 5 = 0, -2*v + 7*v - 1625 = 5*r. What are the prime factors of v?
2, 163
Let v = 147 + -123. List the prime factors of v.
2, 3
Let f(r) = r**2 - 26*r + 82. What are the prime factors of f(-22)?
2, 569
Suppose 0 = -3*b + 4*b - 4*b. Suppose b = 10*g - 15*g + 785. What are the prime factors of g?
157
What are the prime factors of 9*156 - (7 + -7)?
2, 3, 13
Suppose -2*u = -4*u + 1194. Suppose 4*q + 3*h - 75 = u, -5*q + h + 840 = 0. What are the prime factors of q?
2, 3, 7
Let z(v) = 2*v**3 - v**2 + 2. Let n be z(-2). List the prime factors of (6/n)/((-2)/1002 - 0).
167
Let k = -18 - -20. Let t(o) = 30*o**2 + 2*o + 2. List the prime factors of t(k).
2, 3, 7
Let c = 60 - 58. Suppose 200 = -5*f - 25. What are the prime factors of c*(f/(-6) + 2)?
19
Suppose -3*r + 8 = -5*r, 4*r = u - 21. Suppose -u*t = -4*c + c + 11, t = 5*c - 11. Suppose 3*h - c*h - 8 = 0. List the prime factors of h.
2
Suppose -24*o = -20*o + 4. What are the prime factors of (1 - -361)/(1 - o)?
181
Let k be 2/(-10) + 38/(-10). Let n be 2/k + (-44)/(-8). Suppose -n*c + 13 = -3*y - 46, -4*c = y - 37. List the prime factors of c.
2, 5
Suppose -59*z + 52*z = -9898. List the prime factors of z.
2, 7, 101
What are the prime factors of 3/((-9)/272)*(-342)/8?
2, 3, 17, 19
Suppose -h + 4*q = -355, 5*q - 151 - 1574 = -5*h. List the prime factors of h.
347
Let y be 1 + 3 + -5 - -4. Let b = 5 + 15. Suppose y*x - 22 = b. What are the prime factors of x?
2, 7
Suppose 0*x - 4*x = 144. Let v be (2/(-3))/(10/30). What are the prime factors of 1 + 1 - x - v?
2, 5
List the prime factors of (6/(-7))/(4/(-2422)).
3, 173
Suppose -2*i = 5*f - 5, 3*f - 4*f = -2*i + 11. Let t = 10 - i. Suppose -t*l + 10 = -4*l. List the prime factors of l.
2, 5
Suppose -4*x - 1996 = -2*v, 5*v - 9*v - 5*x = -4018. What are the prime factors of v?
2, 3, 167
Let b be (-178 - 0)*13/(-2). Suppose b = 8*p - 83. List the prime factors of p.
5, 31
Suppose 6*o - 27198 = -6120. What are the prime factors of o?
3, 1171
Suppose 5*h + 4*u - 4 = 0, -2*h - 2*u = 3*h - 2. Suppose -13*b = -h*b - 2028. List the prime factors of b.
2, 3, 13
Let m = -277 + 402. Let o = m + -18. Let c = 182 - o. What are the prime factors of c?
3, 5
Suppose h = -0*h + 4. Suppose -5*x + 5*q + 316 = -3*x, 4*x - h*q = 644. List the prime factors of x.
163
Suppose 0 = -15*m + 20*m - 75. Suppose 5*h + 5*k - 90 = 0, 2*h - 17 = 2*k + m. List the prime factors of h.
17
Suppose 139*j = 136*j + 219. List the prime factors of j.
73
Let n(x) be the first derivative of x**6/360 - x**5/30 + x**4/3 + x**3/3 - 1. Let j(g) be the third derivative of n(g). List the prime factors of j(5).
13
Let a(i) = i**2 + i + 3. Let w be a(-2). Suppose 4*j + w*m = 290, -3*j - 4*m + 11 = -207. List the prime factors of j.
2, 5, 7
Let a(f) = 24*f**3 - f**2 + 8*f - 7. List the prime factors of a(3).
2, 41
Let n be ((-30)/(-35))/(1/364). Suppose 16*c - n = 13*c. Let x = -73 + c. What are the prime factors of x?
31
Let h(p) = -13*p + 1. Let z be h(-3). Suppose 4*v + 0*a + a - 182 = 0, 3*a = -v + z. What are the prime factors of v?
2, 23
Let u be (-36)/10 - 4/10. Let x be 2 + 24/(-2 - u). Let b = 17 - x. List the prime factors of b.
3
Suppose n = 6*u - 4*u - 973, 0 = -4*u + 4*n + 1940. Suppose -3*f + u = 5*b, -4*b + 490 = b + 5*f. What are the prime factors of b?
97
Let s(c) = 1 - 46*c - 16*c + 6*c. List the prime factors of s(-2).
113
Suppose 0 = -2*l + 6*l + 5*p - 2999, -3*l - 4*p = -2250. List the prime factors of l.
2, 373
Suppose -h = -6*h + 160. Let u be ((-1)/(-3))/((-11)/(-132)). Suppose g - h = u*x, 2*g = 3*x + 59 + 15. List the prime factors of g.
2, 5
What are the prime factors of (1/2)/(6460/2152 - 3)?
269
Let o(d) = 19*d**2 - 14*d - 50. What are the prime factors of o(-11)?
3, 89
Suppose 2*x - 5 = -5*j, 2*x - 5*j + 4*j = -1. Suppose x*p + 12 = 2*p. Let o = 16 - p. What are the prime factors of o?
2, 5
Suppose -j + 5*y + 10 = 0, -2*j + 10 = -6*j - 5*y. Let x = 0 - 1. What are the prime factors of 124/(2 - j/x)?
2, 31
Let k(t) = t**2 + 9*t + 8. Suppose 4*i - 2*v + 28 = 0, -5*v = 6*i - i + 20. Let c be k(i). What are the prime factors of 9/(-6) - 215/c?
2, 5
Let q be 10/(0 - 6/(-3)). Let r = -19 - -24. Suppose 6*z - q = z, -59 = -4*o + r*z. What are the prime factors of o?
2
Suppose -613 = -14*d + 59. List the prime factors of d.
2, 3
What are the prime factors of (-1681 - 6)/(3 + -4)?
7, 241
Let b(q) = -28*q - 25. What are the prime factors of b(-2)?
31
Suppose -3*t = t - 20. Suppose -280 = -5*r - t*c, 6*c - 160 = -3*r + c. List the prime factors of r.
2, 3, 5
Let v(j) = 12*j - 211. List the prime factors of v(62).
13, 41
Suppose -762*p + 765*p - 2226 = 0. What are the prime factors of p?
2, 7, 53
Let t(w) be the third derivative of -w**6/60 - 13*w**5/60 + w**4/8 - w**3/2 - 11*w**2. List t